. Suppose -2*n - 32 = -26. Let f(w) = n*t(w) - c(w). What is f(1)?
9
Let u(g) = -8*g - 3 - 3*g + 7*g - g**2 - 3*g. Suppose 0 = 7*y + 31 + 4. Determine u(y).
7
Let w(i) = -i**2 + i + 2. Suppose 2*a + 20 = 6*a. Suppose 2*b = 4*m + 30, -19*m - 20 = -16*m - b. Let x = a + m. Determine w(x).
2
Let v(q) = -11*q**2 + 12*q - 2. Let s(u) = -5*u**2 + 8*u + 1. Let j(o) = -10*o**2 + 17*o + 3. Let l(g) = 2*j(g) - 5*s(g). Let y(t) = 9*l(t) + 4*v(t). Give y(6).
1
Let c(p) be the third derivative of p**6/360 + p**5/120 + 7*p**4/24 - 4*p**3/3 + 23*p**2. Let x(d) be the first derivative of c(d). What is x(0)?
7
Suppose -2*b + 6*m + 21 = 3*m, 4*b = 2*m + 22. Suppose -5*z = b*z - 8. Let t(q) = 6*q**3 + q**2 - q + 1. Give t(z).
7
Let s = 2396 - 2393. Let z(m) = -2 - 5*m + m + 5. Calculate z(s).
-9
Let h(w) = 6*w**2 + 36 + 5*w - 33 + 5*w**3 - 4*w**3. Suppose 4*b + 0*b + 20 = 0. What is h(b)?
3
Let z(f) = 3*f + 1. Let k = -6 - -10. Let g(s) = s + 5*s + 2*s + 1 - 5*s. Let o(j) = k*g(j) - 3*z(j). Give o(3).
10
Let x = 271 + -266. Let s(t) = -6*t + 21. Calculate s(x).
-9
Let y(n) = -2*n**2 - 5*n + 5. Let u(b) = b**2 + b + 1. Let z(q) = u(q) + y(q). Let h = -1019 + 1014. Give z(h).
1
Let q(b) be the second derivative of -7*b**4/12 - 14*b**3/3 - 49*b - 5. Determine q(-4).
0
Let o(j) = -9*j**2 + 7*j + 5. Let z(s) = 11*s**2 - 6*s - 5. Let q(v) = 5*o(v) + 4*z(v). What is q(11)?
5
Let i(d) = 3*d**2 - 206*d + 144. Let v be i(68). Let k(c) = c**3 - 10*c**2 + 14*c + 9. Give k(v).
-7
Let d(v) = 2*v + 3. Let s = -346 - -349. Calculate d(s).
9
Let v = 7 + -3. Let d(h) = -h + 2. Let t(a) = 4*a + 8. Let p(b) = 5*b + 9. Let o(w) = -5*p(w) + 6*t(w). Let g(q) = 5*d(q) - 3*o(q). Give g(v).
-7
Let s(v) be the third derivative of -v**6/120 - v**5/10 + 3*v**4/8 + 5*v**3/2 - v**2 + 205*v. Give s(-7).
1
Let p(t) = 8*t - 3*t**3 + 0*t**3 + 2*t**3 + 7*t**2 - 7. Let o(b) = b**3 + 7*b**2 + 10*b + 2. Let f be o(-3). Calculate p(f).
-7
Let a(t) = 3*t**2 - 2*t - 3. Suppose -4*v + 28 = -4. Suppose 24*j = 28*j + v. Determine a(j).
13
Let d(f) = -f**2 - 14*f - 8. Suppose 4*m = q + 27, 9*q = 11*q - 2*m + 30. What is d(q)?
25
Let a be 1/(0 - 1) - (-24)/8. Let t(h) = 6*h + 19*h**a - 27*h**2 + h**3 - 18*h + 11. Calculate t(9).
-16
Let f(p) = -2*p + 3. Let i(r) be the first derivative of 4*r**3/3 - r**2/2 - 2*r - 48. Let c be -1*2 + 4 + -3. Let a be i(c). Give f(a).
-3
Let l(x) = -6*x + 3*x - 57 + 28 - 62. Calculate l(-30).
-1
Let i(g) = -4*g + 3. Let z(d) = -d. Let q(k) = -i(k) + 3*z(k). Suppose 3*l = -j - 5, 10 = -3*j - 0*j - 4*l. Let h be -2*j/8*14. What is q(h)?
4
Suppose v - 3 = 2. Suppose 6*s = 3*s + 12. Let t(i) = -v*i + 3*i - 12 + s*i + 5. Calculate t(6).
5
Let s(d) = -2*d**3 - 12*d**2 - d + 15. Let t(f) = f**3 + 6*f**2 + f - 7. Let i(x) = -3*s(x) - 7*t(x). Suppose 0 = -29*b - 14*b - 215. Give i(b).
-1
Let b(n) = -6*n**2 + n - 2. Suppose 4*r - 43*w = -41*w + 2, r - 2 = -w. Calculate b(r).
-7
Let f(r) = 5*r - 1466 + 1478 - 6*r - 6*r. Calculate f(3).
-9
Let b(f) be the third derivative of 1/4*f**4 - 1/6*f**3 + 13*f**2 + 0*f + 0. Let v(m) = -m - 6. Let w be v(-5). What is b(w)?
-7
Let q(d) = 4*d - 4. Let y be -1*(-9 - (-20)/5). Suppose -3*l + 4 = -y*a, 4*l = l - 3*a + 12. Determine q(l).
8
Let k(m) = 1 - 5 - 8*m**3 - m + 3 - m + 72*m**2 - 73*m**2. What is k(-1)?
8
Let f(z) = -13*z + 10. Suppose 0 = 2*i - 6 - 6. Let b(d) = 10*d + 149 - 3*d - 302 + 148. Let j(u) = i*f(u) + 11*b(u). Give j(6).
-1
Let o(h) = 8*h - 157 + h**2 - 151 + 314. Give o(-7).
-1
Let z(b) be the second derivative of b**8/6720 + b**7/420 + b**6/144 + b**5/24 - 5*b**4/6 - 8*b. Let g(q) be the third derivative of z(q). Determine g(-5).
5
Let c be (-8 - -3) + 3/1. Let x(i) = 2*i**2 - 4*i - 3. Give x(c).
13
Let l(b) = -51*b + 111*b - 60*b + 7 - 2*b**2. What is l(3)?
-11
Suppose 0 = -2*k - 5*s + 77, 0 = -k - 0*k - s + 40. Let p = -25 + k. Suppose -p - 4 = 4*f. Let g(i) = i**3 + 4*i**2 - 6*i - 1. Determine g(f).
4
Let q be ((-8)/(-28))/((-3)/(-21)). Let w(z) = 4 - 4*z - z**q - 3 - 3. What is w(-3)?
1
Let v(a) = 2*a + 2 - 3 + a**2 - a + 0*a**2. Suppose -31*j = -27*j - 12. Calculate v(j).
11
Let h(q) = -27*q**2 + 19*q**2 - 21*q**2 + 16 - 16*q + 2*q**3. Calculate h(15).
1
Let k(d) = 2*d - 5. Let l(q) = 2*q - 27. Let w be l(17). Calculate k(w).
9
Suppose -23*n + 25*n = 3*q - 7, n + 4*q - 2 = 0. Let t(i) = -i + 2 + 4*i**2 - 4 - 3*i - 9*i**2. Give t(n).
-14
Let o(m) = m**3 + 4*m**2 - 8*m - 5. Let s(u) = -44*u**3 - u**2. Let v be s(1). Let f be 3/12 + v/(-12). Let h be ((-6)/f)/(-3)*-10. Determine o(h).
10
Let s(g) be the third derivative of g**6/720 + 17*g**5/120 - 5*g**4/12 + g**3/2 - 35*g**2. Let r(n) be the second derivative of s(n). Calculate r(-9).
8
Suppose -4*m = -0*m - 28. Let q(p) be the third derivative of p**6/120 - p**5/10 - p**4/4 + 5*p**3/3 + 1028*p**2. Determine q(m).
17
Let c(z) = -z**3 + 4*z**2 + 5*z - 13. Let l be c(4). Let w(u) = u**2 - 3*u - 22. Give w(l).
6
Let c(b) = 15*b**2 - b**3 + 0*b**3 + 30 - 3*b - 4*b**2. Let a be c(11). Let k(y) = -3*y**2 + 3. Calculate k(a).
-24
Suppose 0 = -6*r - 18*r + 120. Let m(z) = -z**3 + 4*z**2 + 7. What is m(r)?
-18
Let g be 2 + (-3 - 9/(-3)). Let r(t) = -10*t**2 + 9*t - 7. Let p(x) = 9*x**2 - 8*x + 6. Let n(c) = -5*p(c) - 4*r(c). Determine n(g).
-14
Let x = -11 + 11. Let y(q) = -4*q + 1 - 7 + x*q. Suppose 3 = -g - i - 4, -5*g - 26 = 2*i. Determine y(g).
10
Let m = -431 - -431. Let p(t) = -t**3 - t + 5. Calculate p(m).
5
Let j be 4 - (1 + -3 + 2). Let v(c) be the first derivative of c**2/2 - 3*c - 57. Give v(j).
1
Let k be (-56)/4 + 2 + 0 + 0. Let s = k + 15. Let d(a) = 3*a + 2 - 2 - 1. What is d(s)?
8
Let b(w) = -w - 4. Let p = -33 + 37. Let r(x) = -4*x + x + p*x + 4. Let s(c) = -5*b(c) - 6*r(c). Give s(0).
-4
Let d(j) be the third derivative of j**4/24 + j**3/6 + 2*j**2 - 10*j. Determine d(-5).
-4
Suppose 0 = -0*x - 8*x. Let v(r) = -2*r - r - 1 - r**2 + r + x*r**2. Give v(-4).
-9
Let h(d) = -d**2 + 9*d - 8. Let m be 2 + 0/(-1) - (-13 + 8). Calculate h(m).
6
Let a be ((-1)/(-2))/(1/2). Let g be (2 - a)/(7 - 6). Let k(y) = -11*y**3 + 2*y - 1. What is k(g)?
-10
Let q be (6 + (-38)/6)*(-84)/7. Let h(j) = -j - 3. What is h(q)?
-7
Let i(c) = c - 11 - 2*c - 1 + 3. Let a = 11 - 17. Give i(a).
-3
Let j = 4839 + -4839. Suppose 1 = -3*l + 2*g, -3*l - 2*g + 14 = -g. Let b(w) = -7*w + l*w + 3*w + 7. Calculate b(j).
7
Suppose 0 = 8*w + 77 + 3. Let u(a) = a**3 + 10*a**2 - 4*a - 35. Let b be u(w). Let t(l) = l**3 - 5*l**2 + l - 7. Give t(b).
-2
Let d(t) = t**3 - 5*t**2 - 5*t - 1. Let a(j) = -7*j**3 - 2*j - 1. Let q be a(-2). Suppose -q = 3*g - s, 4*g - g + 51 = 3*s. Let y = g + 27. Determine d(y).
5
Let h(j) = -6*j**2 + 3*j + 19. Let k(m) = -7*m**2 + 4*m + 23. Let i(o) = -6*h(o) + 5*k(o). Let v(g) = -g + 4. Let t be v(6). Give i(t).
1
Let r(b) = b**2 - b - 2. Let d(f) be the third derivative of 0 + 5*f**2 - 7/3*f**3 - 13/24*f**4 + 0*f + 1/60*f**5. Let h be d(14). Give r(h).
-2
Let n(b) = b**3 - b + 383 - 192 - 193 - b**2 - 2*b**2 - b**2. Let o(l) = 2*l**2 + 1 + 3*l - 3 + 4. Let w be o(-2). Give n(w).
-6
Let s(l) = -3*l - 3. Let j be s(-3). Let r(f) = -2*f + f**3 - 2 + j*f - 2 - 7*f**2. What is r(6)?
-16
Let q(i) = -i - 2. Let b be q(-6). Let h(y) = -y**3 + 2*y**2 - 3*y + 5. Let t(k) = k**3 - k**2 + 2*k - 5. Let g(m) = -5*h(m) - 4*t(m). What is g(b)?
-9
Let n(k) = -10 - 41*k - 25*k + 65*k. Calculate n(-9).
-1
Let a(x) = 2*x**2 + 43*x + 212. Let o be a(-14). Let b(k) = -k + 7. Determine b(o).
5
Let z(c) = 2*c**2 + 9*c + 15. Let m(n) = -n**2 - 4*n - 8. Let o = 31 - 38. Let g(s) = o*m(s) - 3*z(s). What is g(0)?
11
Let p = 43 - 19. Suppose 8*b = 2*b + p. Let g(k) = k**2 - 2*k - 4. Give g(b).
4
Let b(w) = 12*w - 9. Let m be b(2). Let z(k) = -k**2 + 13*k + 36. Let n be z(m). Let p(h) = -h**2 + 5*h + 4. Determine p(n).
-2
Let w(a) = -a**3 - 4*a**2 + 1. Let j(g) = 4*g**3 + 8*g**2 + 2*g + 2. Let o(u) = -j(u) - 5*w(u). Determine o(-12).
17
Let y = 4 - 8. Let v = 5 + y. Let z(t) be the second derivative of -t**5/5 + t**4/12 + 15*t. Determine z(v).
-3
Suppose 0*l - 2*l = -36. Let g be 6/l + (-221)/(-3). Let j(y) = y - 74 - 3*y**2 + g. Determine j(-1).
-4
Let a(t) = t + 7. Let x(s) = s + 1. Let z(i) = a(i) - 3*x(i). Let n(k) = -17*k**2 - k + 2. Let o be n(1). Let f = -10 - o. Give z(f).
-8
Suppose -2*d = -9*i + 5*i